Dec 02 22:11:56.299 INFO testing postgres-mapper-0.1.0 against master#8940af3cea4a9a9deabcaf843b2f8cad9a83fc61 for beta-1.31-5
Dec 02 22:11:56.299 INFO running `"docker" "create" "-v" "/mnt/big/crater/work/local/target-dirs/beta-1.31-5/worker-7/master#8940af3cea4a9a9deabcaf843b2f8cad9a83fc61:/target:rw,Z" "-v" "/mnt/big/crater/work/local/test-source/worker-7/beta-1.31-5/master#8940af3cea4a9a9deabcaf843b2f8cad9a83fc61:/source:ro,Z" "-v" "/mnt/big/crater/work/local/cargo-home:/cargo-home:ro,Z" "-v" "/mnt/big/crater/work/local/rustup-home:/rustup-home:ro,Z" "-e" "USER_ID=1000" "-e" "SOURCE_DIR=/source" "-e" "USER_ID=1000" "-e" "CMD=cargo +8940af3cea4a9a9deabcaf843b2f8cad9a83fc61-alt build --frozen" "-e" "CARGO_TARGET_DIR=/target" "-e" "CARGO_INCREMENTAL=0" "-e" "RUST_BACKTRACE=full" "-e" "RUSTFLAGS=--cap-lints=warn" "-e" "CARGO_HOME=/cargo-home" "-e" "RUSTUP_HOME=/rustup-home" "-m" "1536M" "--network" "none" "crater"`
Dec 02 22:11:56.657 INFO [stdout] f40dd3b5e79d594811b8952f720edd5b26d64abd70530e21a38e8b2f79b8a88d
Dec 02 22:11:56.659 INFO running `"docker" "start" "-a" "f40dd3b5e79d594811b8952f720edd5b26d64abd70530e21a38e8b2f79b8a88d"`
Dec 02 22:11:57.203 INFO [stderr] usermod: no changes
Dec 02 22:11:57.323 INFO [stderr]    Compiling postgres-mapper v0.1.0 (/source)
Dec 02 22:11:59.882 INFO [stderr]     Finished dev [unoptimized + debuginfo] target(s) in 2.65s
Dec 02 22:11:59.885 INFO [stderr] su: No module specific data is present
Dec 02 22:12:00.255 INFO running `"docker" "inspect" "f40dd3b5e79d594811b8952f720edd5b26d64abd70530e21a38e8b2f79b8a88d"`
Dec 02 22:12:00.401 INFO running `"docker" "rm" "-f" "f40dd3b5e79d594811b8952f720edd5b26d64abd70530e21a38e8b2f79b8a88d"`
Dec 02 22:12:00.628 INFO [stdout] f40dd3b5e79d594811b8952f720edd5b26d64abd70530e21a38e8b2f79b8a88d
Dec 02 22:12:00.631 INFO running `"docker" "create" "-v" "/mnt/big/crater/work/local/target-dirs/beta-1.31-5/worker-7/master#8940af3cea4a9a9deabcaf843b2f8cad9a83fc61:/target:rw,Z" "-v" "/mnt/big/crater/work/local/test-source/worker-7/beta-1.31-5/master#8940af3cea4a9a9deabcaf843b2f8cad9a83fc61:/source:ro,Z" "-v" "/mnt/big/crater/work/local/cargo-home:/cargo-home:ro,Z" "-v" "/mnt/big/crater/work/local/rustup-home:/rustup-home:ro,Z" "-e" "USER_ID=1000" "-e" "SOURCE_DIR=/source" "-e" "USER_ID=1000" "-e" "CMD=cargo +8940af3cea4a9a9deabcaf843b2f8cad9a83fc61-alt test --frozen --no-run" "-e" "CARGO_TARGET_DIR=/target" "-e" "CARGO_INCREMENTAL=0" "-e" "RUST_BACKTRACE=full" "-e" "RUSTFLAGS=--cap-lints=warn" "-e" "CARGO_HOME=/cargo-home" "-e" "RUSTUP_HOME=/rustup-home" "-m" "1536M" "--network" "none" "crater"`
Dec 02 22:12:00.977 INFO [stdout] 1fbee962f75ededa68559768e4b892cff64f2b23b787e94b3a8a15481ef079ef
Dec 02 22:12:00.980 INFO running `"docker" "start" "-a" "1fbee962f75ededa68559768e4b892cff64f2b23b787e94b3a8a15481ef079ef"`
Dec 02 22:12:01.595 INFO [stderr] usermod: no changes
Dec 02 22:12:01.764 INFO [stderr]    Compiling postgres-mapper v0.1.0 (/source)
Dec 02 22:12:04.683 INFO [stderr]     Finished dev [unoptimized + debuginfo] target(s) in 3.04s
Dec 02 22:12:04.692 INFO [stderr] su: No module specific data is present
Dec 02 22:12:05.037 INFO running `"docker" "inspect" "1fbee962f75ededa68559768e4b892cff64f2b23b787e94b3a8a15481ef079ef"`
Dec 02 22:12:05.133 INFO running `"docker" "rm" "-f" "1fbee962f75ededa68559768e4b892cff64f2b23b787e94b3a8a15481ef079ef"`
Dec 02 22:12:05.227 INFO [stdout] 1fbee962f75ededa68559768e4b892cff64f2b23b787e94b3a8a15481ef079ef
Dec 02 22:12:05.232 INFO running `"docker" "create" "-v" "/mnt/big/crater/work/local/target-dirs/beta-1.31-5/worker-7/master#8940af3cea4a9a9deabcaf843b2f8cad9a83fc61:/target:rw,Z" "-v" "/mnt/big/crater/work/local/test-source/worker-7/beta-1.31-5/master#8940af3cea4a9a9deabcaf843b2f8cad9a83fc61:/source:ro,Z" "-v" "/mnt/big/crater/work/local/cargo-home:/cargo-home:ro,Z" "-v" "/mnt/big/crater/work/local/rustup-home:/rustup-home:ro,Z" "-e" "USER_ID=1000" "-e" "SOURCE_DIR=/source" "-e" "USER_ID=1000" "-e" "CMD=cargo +8940af3cea4a9a9deabcaf843b2f8cad9a83fc61-alt test --frozen" "-e" "CARGO_TARGET_DIR=/target" "-e" "CARGO_INCREMENTAL=0" "-e" "RUST_BACKTRACE=full" "-e" "RUSTFLAGS=--cap-lints=warn" "-e" "CARGO_HOME=/cargo-home" "-e" "RUSTUP_HOME=/rustup-home" "-m" "1536M" "--network" "none" "crater"`
Dec 02 22:12:05.403 INFO [stdout] f06c7a4862ae33b613d7a80dd30655e31b150fd343a9440d41345f5d5c7b68cc
Dec 02 22:12:05.408 INFO running `"docker" "start" "-a" "f06c7a4862ae33b613d7a80dd30655e31b150fd343a9440d41345f5d5c7b68cc"`
Dec 02 22:12:05.926 INFO [stderr] usermod: no changes
Dec 02 22:12:06.056 INFO [stderr]     Finished dev [unoptimized + debuginfo] target(s) in 0.10s
Dec 02 22:12:06.071 INFO [stderr]      Running /target/debug/deps/postgres_mapper-1391884b2da4978e
Dec 02 22:12:06.079 INFO [stderr]    Doc-tests postgres-mapper
Dec 02 22:12:06.079 INFO [stdout] 
Dec 02 22:12:06.079 INFO [stdout] running 0 tests
Dec 02 22:12:06.079 INFO [stdout] 
Dec 02 22:12:06.079 INFO [stdout] test result: ok. 0 passed; 0 failed; 0 ignored; 0 measured; 0 filtered out
Dec 02 22:12:06.079 INFO [stdout] 
Dec 02 22:12:10.755 INFO [stdout] 
Dec 02 22:12:10.755 INFO [stdout] running 2 tests
Dec 02 22:12:11.899 INFO [stdout] test src/lib.rs -  (line 44) ... FAILED
Dec 02 22:12:15.407 INFO [stdout] test src/lib.rs -  (line 13) ... FAILED
Dec 02 22:12:15.407 INFO [stdout] 
Dec 02 22:12:15.407 INFO [stdout] failures:
Dec 02 22:12:15.407 INFO [stdout] 
Dec 02 22:12:15.407 INFO [stdout] ---- src/lib.rs -  (line 44) stdout ----
Dec 02 22:12:15.407 INFO [stdout] error[E0463]: can't find crate for `postgres_mapper_derive`
Dec 02 22:12:15.407 INFO [stdout]  --> src/lib.rs:44:14
Dec 02 22:12:15.407 INFO [stdout]   |
Dec 02 22:12:15.407 INFO [stdout] 2 | #[macro_use] extern crate postgres_mapper_derive;
Dec 02 22:12:15.407 INFO [stdout]   |              ^^^^^^^^^^^^^^^^^^^^^^^^^^^^^^^^^^^^ can't find crate
Dec 02 22:12:15.407 INFO [stdout] 
Dec 02 22:12:15.407 INFO [stdout] thread 'src/lib.rs -  (line 44)' panicked at 'couldn't compile the test', librustdoc/test.rs:332:13
Dec 02 22:12:15.407 INFO [stdout] stack backtrace:
Dec 02 22:12:15.407 INFO [stdout]    0:     0x7f24e4f0990f - std::sys::unix::backtrace::tracing::imp::unwind_backtrace::h3a8b83e1922cbdde
Dec 02 22:12:15.407 INFO [stdout]                                at libstd/sys/unix/backtrace/tracing/gcc_s.rs:49
Dec 02 22:12:15.407 INFO [stdout]    1:     0x7f24e4eee897 - std::sys_common::backtrace::print::h00d3155a29b4020f
Dec 02 22:12:15.407 INFO [stdout]                                at libstd/sys_common/backtrace.rs:71
Dec 02 22:12:15.407 INFO [stdout]                                at libstd/sys_common/backtrace.rs:59
Dec 02 22:12:15.407 INFO [stdout]    2:     0x7f24e4f14cef - std::panicking::default_hook::{{closure}}::hd7465c742e79e1bb
Dec 02 22:12:15.407 INFO [stdout]                                at libstd/panicking.rs:211
Dec 02 22:12:15.407 INFO [stdout]    3:     0x7f24e4f149ee - std::panicking::default_hook::h9e3966f2aa2a6e12
Dec 02 22:12:15.407 INFO [stdout]                                at libstd/panicking.rs:221
Dec 02 22:12:15.407 INFO [stdout]    4:     0x7f24e709f951 - rustc::util::common::panic_hook::h27965632b67fe74e
Dec 02 22:12:15.407 INFO [stdout]    5:     0x7f24e4f154e6 - std::panicking::rust_panic_with_hook::h587f091ae747d080
Dec 02 22:12:15.407 INFO [stdout]                                at libstd/panicking.rs:480
Dec 02 22:12:15.407 INFO [stdout]    6:     0x55e6fac89b17 - std::panicking::begin_panic::hcef7ac517f7efe0f
Dec 02 22:12:15.407 INFO [stdout]                                at libstd/panicking.rs:410
Dec 02 22:12:15.407 INFO [stdout]    7:     0x55e6fae1dcc7 - <rustdoc::test::Collector as rustdoc::test::Tester>::add_test::{{closure}}::{{closure}}::{{closure}}::h1a7d462b7674a13e
Dec 02 22:12:15.407 INFO [stdout]                                at librustdoc/test.rs:332
Dec 02 22:12:15.407 INFO [stdout]                                at librustdoc/test.rs:596
Dec 02 22:12:15.407 INFO [stdout]    8:     0x55e6fadd31f8 - <scoped_tls::ScopedKey<T>>::set::h9a299037e2efdd79
Dec 02 22:12:15.407 INFO [stdout]                                at /cargo/registry/src/github.com-1ecc6299db9ec823/scoped-tls-0.1.2/src/lib.rs:155
Dec 02 22:12:15.407 INFO [stdout]                                at libsyntax/lib.rs:106
Dec 02 22:12:15.407 INFO [stdout]                                at /cargo/registry/src/github.com-1ecc6299db9ec823/scoped-tls-0.1.2/src/lib.rs:155
Dec 02 22:12:15.407 INFO [stdout]    9:     0x55e6fabd7601 - syntax::with_globals::hc9a23e436a64729f
Dec 02 22:12:15.407 INFO [stdout]                                at libsyntax/lib.rs:105
Dec 02 22:12:15.407 INFO [stdout]   10:     0x55e6fac89dbb - std::panicking::try::do_call::hd95e3a92339aa7c0
Dec 02 22:12:15.407 INFO [stdout]                                at librustdoc/test.rs:593
Dec 02 22:12:15.407 INFO [stdout]                                at libstd/panic.rs:313
Dec 02 22:12:15.407 INFO [stdout]                                at libstd/panicking.rs:310
Dec 02 22:12:15.407 INFO [stdout]   11:     0x7f24e4f22cd9 - __rust_maybe_catch_panic
Dec 02 22:12:15.407 INFO [stdout]                                at libpanic_unwind/lib.rs:102
Dec 02 22:12:15.407 INFO [stdout]   12:     0x55e6facacf49 - rustc_driver::in_named_rustc_thread::h5d5326e5f9843b1f
Dec 02 22:12:15.407 INFO [stdout]                                at libstd/panicking.rs:289
Dec 02 22:12:15.407 INFO [stdout]                                at libstd/panic.rs:392
Dec 02 22:12:15.407 INFO [stdout]                                at librustc_driver/lib.rs:1546
Dec 02 22:12:15.407 INFO [stdout]   13:     0x55e6fadebeb0 - <F as alloc::boxed::FnBox<A>>::call_box::h85b70bbf522f8d35
Dec 02 22:12:15.407 INFO [stdout]                                at librustdoc/test.rs:593
Dec 02 22:12:15.407 INFO [stdout]                                at liballoc/boxed.rs:672
Dec 02 22:12:15.407 INFO [stdout]   14:     0x7f24e6584022 - <F as alloc::boxed::FnBox<A>>::call_box::h37f4bb882553d58c
Dec 02 22:12:15.407 INFO [stdout]                                at libtest/lib.rs:1461
Dec 02 22:12:15.407 INFO [stdout]                                at liballoc/boxed.rs:672
Dec 02 22:12:15.407 INFO [stdout]   15:     0x7f24e4f22cd9 - __rust_maybe_catch_panic
Dec 02 22:12:15.407 INFO [stdout]                                at libpanic_unwind/lib.rs:102
Dec 02 22:12:15.407 INFO [stdout]   16:     0x7f24e65ac462 - std::sys_common::backtrace::__rust_begin_short_backtrace::hb8f0d0309526c184
Dec 02 22:12:15.407 INFO [stdout]                                at libstd/panicking.rs:289
Dec 02 22:12:15.407 INFO [stdout]                                at libstd/panic.rs:392
Dec 02 22:12:15.407 INFO [stdout]                                at libtest/lib.rs:1423
Dec 02 22:12:15.407 INFO [stdout]                                at libstd/sys_common/backtrace.rs:136
Dec 02 22:12:15.407 INFO [stdout]   17:     0x7f24e65ad204 - std::panicking::try::do_call::hc2f7c8b9a348d8db
Dec 02 22:12:15.407 INFO [stdout]                                at libstd/thread/mod.rs:409
Dec 02 22:12:15.407 INFO [stdout]                                at libstd/panic.rs:313
Dec 02 22:12:15.407 INFO [stdout]                                at libstd/panicking.rs:310
Dec 02 22:12:15.407 INFO [stdout]   18:     0x7f24e4f22cd9 - __rust_maybe_catch_panic
Dec 02 22:12:15.407 INFO [stdout]                                at libpanic_unwind/lib.rs:102
Dec 02 22:12:15.407 INFO [stdout]   19:     0x7f24e659594c - <F as alloc::boxed::FnBox<A>>::call_box::h6bfded618e480b32
Dec 02 22:12:15.407 INFO [stdout]                                at libstd/panicking.rs:289
Dec 02 22:12:15.407 INFO [stdout]                                at libstd/panic.rs:392
Dec 02 22:12:15.407 INFO [stdout]                                at libstd/thread/mod.rs:408
Dec 02 22:12:15.407 INFO [stdout]                                at liballoc/boxed.rs:672
Dec 02 22:12:15.407 INFO [stdout]   20:     0x7f24e4f0fc9d - std::sys_common::thread::start_thread::h4c28257d67cdf9cb
Dec 02 22:12:15.407 INFO [stdout]                                at liballoc/boxed.rs:682
Dec 02 22:12:15.407 INFO [stdout]                                at libstd/sys_common/thread.rs:24
Dec 02 22:12:15.407 INFO [stdout]   21:     0x7f24e4ee54d5 - std::sys::unix::thread::Thread::new::thread_start::hfecb2e7eff8fd34f
Dec 02 22:12:15.407 INFO [stdout]                                at libstd/sys/unix/thread.rs:90
Dec 02 22:12:15.407 INFO [stdout]   22:     0x7f24e4a716b9 - start_thread
Dec 02 22:12:15.407 INFO [stdout]   23:     0x7f24e459141c - clone
Dec 02 22:12:15.407 INFO [stdout]   24:                0x0 - <unknown>
Dec 02 22:12:15.407 INFO [stdout] query stack during panic:
Dec 02 22:12:15.407 INFO [stdout] end of query stack
Dec 02 22:12:15.407 INFO [stdout] 
Dec 02 22:12:15.407 INFO [stdout] ---- src/lib.rs -  (line 13) stdout ----
Dec 02 22:12:15.408 INFO [stdout] error[E0425]: cannot find value `row` in this scope
Dec 02 22:12:15.408 INFO [stdout]   --> src/lib.rs:35:23
Dec 02 22:12:15.408 INFO [stdout]    |
Dec 02 22:12:15.408 INFO [stdout] 24 | let user = User::from(row); // this can panic
Dec 02 22:12:15.408 INFO [stdout]    |                       ^^^ not found in this scope
Dec 02 22:12:15.408 INFO [stdout] 
Dec 02 22:12:15.408 INFO [stdout] error[E0106]: missing lifetime specifier
Dec 02 22:12:15.408 INFO [stdout]   --> src/lib.rs:24:11
Dec 02 22:12:15.408 INFO [stdout]    |
Dec 02 22:12:15.408 INFO [stdout] 13 | impl From<Row> for User {
Dec 02 22:12:15.408 INFO [stdout]    |           ^^^ expected lifetime parameter
Dec 02 22:12:15.408 INFO [stdout] 
Dec 02 22:12:15.408 INFO [stdout] thread 'src/lib.rs -  (line 13)' panicked at 'couldn't compile the test', librustdoc/test.rs:332:13
Dec 02 22:12:15.408 INFO [stdout] stack backtrace:
Dec 02 22:12:15.408 INFO [stdout]    0:     0x7f24e4f0990f - std::sys::unix::backtrace::tracing::imp::unwind_backtrace::h3a8b83e1922cbdde
Dec 02 22:12:15.408 INFO [stdout]                                at libstd/sys/unix/backtrace/tracing/gcc_s.rs:49
Dec 02 22:12:15.408 INFO [stdout]    1:     0x7f24e4eee897 - std::sys_common::backtrace::print::h00d3155a29b4020f
Dec 02 22:12:15.408 INFO [stdout]                                at libstd/sys_common/backtrace.rs:71
Dec 02 22:12:15.408 INFO [stdout]                                at libstd/sys_common/backtrace.rs:59
Dec 02 22:12:15.408 INFO [stdout]    2:     0x7f24e4f14cef - std::panicking::default_hook::{{closure}}::hd7465c742e79e1bb
Dec 02 22:12:15.408 INFO [stdout]                                at libstd/panicking.rs:211
Dec 02 22:12:15.408 INFO [stdout]    3:     0x7f24e4f149ee - std::panicking::default_hook::h9e3966f2aa2a6e12
Dec 02 22:12:15.408 INFO [stdout]                                at libstd/panicking.rs:221
Dec 02 22:12:15.408 INFO [stdout]    4:     0x7f24e709f951 - rustc::util::common::panic_hook::h27965632b67fe74e
Dec 02 22:12:15.408 INFO [stdout]    5:     0x7f24e4f154e6 - std::panicking::rust_panic_with_hook::h587f091ae747d080
Dec 02 22:12:15.408 INFO [stdout]                                at libstd/panicking.rs:480
Dec 02 22:12:15.408 INFO [stdout]    6:     0x55e6fac89b17 - std::panicking::begin_panic::hcef7ac517f7efe0f
Dec 02 22:12:15.408 INFO [stdout]                                at libstd/panicking.rs:410
Dec 02 22:12:15.408 INFO [stdout]    7:     0x55e6fae1dcc7 - <rustdoc::test::Collector as rustdoc::test::Tester>::add_test::{{closure}}::{{closure}}::{{closure}}::h1a7d462b7674a13e
Dec 02 22:12:15.408 INFO [stdout]                                at librustdoc/test.rs:332
Dec 02 22:12:15.408 INFO [stdout]                                at librustdoc/test.rs:596
Dec 02 22:12:15.408 INFO [stdout]    8:     0x55e6fadd31f8 - <scoped_tls::ScopedKey<T>>::set::h9a299037e2efdd79
Dec 02 22:12:15.408 INFO [stdout]                                at /cargo/registry/src/github.com-1ecc6299db9ec823/scoped-tls-0.1.2/src/lib.rs:155
Dec 02 22:12:15.408 INFO [stdout]                                at libsyntax/lib.rs:106
Dec 02 22:12:15.408 INFO [stdout]                                at /cargo/registry/src/github.com-1ecc6299db9ec823/scoped-tls-0.1.2/src/lib.rs:155
Dec 02 22:12:15.408 INFO [stdout]    9:     0x55e6fabd7601 - syntax::with_globals::hc9a23e436a64729f
Dec 02 22:12:15.408 INFO [stdout]                                at libsyntax/lib.rs:105
Dec 02 22:12:15.408 INFO [stdout]   10:     0x55e6fac89dbb - std::panicking::try::do_call::hd95e3a92339aa7c0
Dec 02 22:12:15.408 INFO [stdout]                                at librustdoc/test.rs:593
Dec 02 22:12:15.408 INFO [stdout]                                at libstd/panic.rs:313
Dec 02 22:12:15.408 INFO [stdout]                                at libstd/panicking.rs:310
Dec 02 22:12:15.408 INFO [stdout]   11:     0x7f24e4f22cd9 - __rust_maybe_catch_panic
Dec 02 22:12:15.408 INFO [stdout]                                at libpanic_unwind/lib.rs:102
Dec 02 22:12:15.408 INFO [stdout]   12:     0x55e6facacf49 - rustc_driver::in_named_rustc_thread::h5d5326e5f9843b1f
Dec 02 22:12:15.408 INFO [stdout]                                at libstd/panicking.rs:289
Dec 02 22:12:15.408 INFO [stdout]                                at libstd/panic.rs:392
Dec 02 22:12:15.408 INFO [stdout]                                at librustc_driver/lib.rs:1546
Dec 02 22:12:15.408 INFO [stdout]   13:     0x55e6fadebeb0 - <F as alloc::boxed::FnBox<A>>::call_box::h85b70bbf522f8d35
Dec 02 22:12:15.408 INFO [stdout]                                at librustdoc/test.rs:593
Dec 02 22:12:15.408 INFO [stdout]                                at liballoc/boxed.rs:672
Dec 02 22:12:15.408 INFO [stdout]   14:     0x7f24e6584022 - <F as alloc::boxed::FnBox<A>>::call_box::h37f4bb882553d58c
Dec 02 22:12:15.408 INFO [stdout]                                at libtest/lib.rs:1461
Dec 02 22:12:15.408 INFO [stdout]                                at liballoc/boxed.rs:672
Dec 02 22:12:15.408 INFO [stdout]   15:     0x7f24e4f22cd9 - __rust_maybe_catch_panic
Dec 02 22:12:15.408 INFO [stdout]                                at libpanic_unwind/lib.rs:102
Dec 02 22:12:15.408 INFO [stdout]   16:     0x7f24e65ac462 - std::sys_common::backtrace::__rust_begin_short_backtrace::hb8f0d0309526c184
Dec 02 22:12:15.408 INFO [stdout]                                at libstd/panicking.rs:289
Dec 02 22:12:15.408 INFO [stdout]                                at libstd/panic.rs:392
Dec 02 22:12:15.408 INFO [stdout]                                at libtest/lib.rs:1423
Dec 02 22:12:15.408 INFO [stdout]                                at libstd/sys_common/backtrace.rs:136
Dec 02 22:12:15.408 INFO [stdout]   17:     0x7f24e65ad204 - std::panicking::try::do_call::hc2f7c8b9a348d8db
Dec 02 22:12:15.408 INFO [stdout]                                at libstd/thread/mod.rs:409
Dec 02 22:12:15.408 INFO [stdout]                                at libstd/panic.rs:313
Dec 02 22:12:15.408 INFO [stdout]                                at libstd/panicking.rs:310
Dec 02 22:12:15.408 INFO [stdout]   18:     0x7f24e4f22cd9 - __rust_maybe_catch_panic
Dec 02 22:12:15.408 INFO [stdout]                                at libpanic_unwind/lib.rs:102
Dec 02 22:12:15.408 INFO [stdout]   19:     0x7f24e659594c - <F as alloc::boxed::FnBox<A>>::call_box::h6bfded618e480b32
Dec 02 22:12:15.408 INFO [stdout]                                at libstd/panicking.rs:289
Dec 02 22:12:15.408 INFO [stdout]                                at libstd/panic.rs:392
Dec 02 22:12:15.408 INFO [stdout]                                at libstd/thread/mod.rs:408
Dec 02 22:12:15.408 INFO [stdout]                                at liballoc/boxed.rs:672
Dec 02 22:12:15.408 INFO [stdout]   20:     0x7f24e4f0fc9d - std::sys_common::thread::start_thread::h4c28257d67cdf9cb
Dec 02 22:12:15.408 INFO [stdout]                                at liballoc/boxed.rs:682
Dec 02 22:12:15.408 INFO [stdout]                                at libstd/sys_common/thread.rs:24
Dec 02 22:12:15.408 INFO [stdout]   21:     0x7f24e4ee54d5 - std::sys::unix::thread::Thread::new::thread_start::hfecb2e7eff8fd34f
Dec 02 22:12:15.408 INFO [stdout]                                at libstd/sys/unix/thread.rs:90
Dec 02 22:12:15.408 INFO [stdout]   22:     0x7f24e4a716b9 - start_thread
Dec 02 22:12:15.408 INFO [stdout]   23:     0x7f24e459141c - clone
Dec 02 22:12:15.408 INFO [stdout]   24:                0x0 - <unknown>
Dec 02 22:12:15.408 INFO [stdout] query stack during panic:
Dec 02 22:12:15.408 INFO [stdout] end of query stack
Dec 02 22:12:15.408 INFO [stdout] 
Dec 02 22:12:15.408 INFO [stdout] 
Dec 02 22:12:15.408 INFO [stdout] failures:
Dec 02 22:12:15.408 INFO [stdout]     src/lib.rs -  (line 13)
Dec 02 22:12:15.408 INFO [stdout]     src/lib.rs -  (line 44)
Dec 02 22:12:15.408 INFO [stdout] 
Dec 02 22:12:15.408 INFO [stdout] test result: FAILED. 0 passed; 2 failed; 0 ignored; 0 measured; 0 filtered out
Dec 02 22:12:15.408 INFO [stdout] 
Dec 02 22:12:15.426 INFO [stderr] error: test failed, to rerun pass '--doc'
Dec 02 22:12:15.435 INFO [stderr] su: No module specific data is present
Dec 02 22:12:16.067 INFO running `"docker" "inspect" "f06c7a4862ae33b613d7a80dd30655e31b150fd343a9440d41345f5d5c7b68cc"`
Dec 02 22:12:16.285 INFO running `"docker" "rm" "-f" "f06c7a4862ae33b613d7a80dd30655e31b150fd343a9440d41345f5d5c7b68cc"`
Dec 02 22:12:16.623 INFO [stdout] f06c7a4862ae33b613d7a80dd30655e31b150fd343a9440d41345f5d5c7b68cc
